{"id":298,"date":"2022-04-10T19:52:25","date_gmt":"2022-04-10T19:52:25","guid":{"rendered":"https:\/\/amazing-heisenberg.176-53-62-50.plesk.page\/?page_id=298"},"modified":"2024-09-24T06:27:59","modified_gmt":"2024-09-24T06:27:59","slug":"298-2","status":"publish","type":"page","link":"https:\/\/taluinsaat.com\/?page_id=298","title":{"rendered":"SEC Politikam\u0131z"},"content":{"rendered":"<section class=\"l-section wpb_row height_medium\"><div class=\"l-section-h i-cf\"><div class=\"g-cols vc_row via_grid cols_1-3 laptops-cols_inherit tablets-cols_inherit mobiles-cols_1 valign_top type_default stacking_default\"><div class=\"wpb_column vc_column_container us_custom_9a70cde2 has_bg_color\"><div class=\"vc_column-inner\"><\/div><\/div><div class=\"wpb_column vc_column_container\"><div class=\"vc_column-inner\"><h6 class=\"w-text us_custom_7bef5ef6\"><span class=\"w-text-h\"><span class=\"w-text-value\">Talu \u0130n\u015faat<\/span><\/span><\/h6><h2 class=\"w-text us_custom_785e50b2\"><span class=\"w-text-h\"><span class=\"w-text-value\">\u00c7evre Politikas\u0131<\/span><\/span><\/h2><div class=\"wpb_text_column\"><div class=\"wpb_wrapper\"><ul>\n<li><strong>Talu \u0130n\u015faat <\/strong>olarak Altyap\u0131, \u00dcst yap\u0131, Deniz \u0130\u015fleri, Ar\u0131tma ve \u00c7evre Projeleri alanlar\u0131nda m\u00fchendislik ve m\u00fcteahhit hizmetleri faaliyetleri kapsam\u0131nda t\u00fcm \u00e7al\u0131\u015fanlar\u0131m\u0131z\u0131n kat\u0131l\u0131m ve gayreti ile payda\u015flar\u0131m\u0131z\u0131n ihtiya\u00e7 ve beklentilerini kar\u015f\u0131lamak i\u00e7in projeler ve hizmetler ger\u00e7ekle\u015ftirmek,<\/li>\n<li>Yurt i\u00e7i ve yurt d\u0131\u015f\u0131 pazarlar\u0131nda artt\u0131rmak i\u00e7in gerekli olan hizmet faaliyetlerini ger\u00e7ekle\u015ftirmek,<\/li>\n<li>\u00c7evresel fakt\u00f6rleri ve i\u015f g\u00fcvenli\u011fi kurallar\u0131n\u0131 g\u00f6z \u00f6n\u00fcnde bulundurarak kalite y\u00f6netim sistemi \u015fartlar\u0131na uymak ve s\u00fcrekli iyile\u015ftirmeyi sa\u011flamak,<\/li>\n<li>Kalite standartlar\u0131m\u0131z\u0131 en y\u00fcksek de\u011ferlerde tutarak ve yasal gereklilikleri yerine getirerek, uluslararas\u0131 ve ulusal standartlara uygun hizmetleri yaparak \u00f6nc\u00fc bir \u015firket olmak<\/li>\n<li>Mevzuatlar \u00e7er\u00e7evesinde hizmet tesis ederken gerek personelimizin gerekse yararlan\u0131c\u0131lar\u0131m\u0131z\u0131n memnuniyetini en y\u00fcksek seviyeye ta\u015f\u0131mak,<\/li>\n<li>\u00c7al\u0131\u015fanlar\u0131m\u0131z\u0131n sundu\u011fu hizmetin kalitesini artt\u0131r\u0131c\u0131 ve ki\u015fisel becerilerini geli\u015ftirici e\u011fitimler almalar\u0131n\u0131 sa\u011flamak,<\/li>\n<li>M\u00fc\u015fteri ihtiya\u00e7lar\u0131n\u0131 ve uygulanabilir birincil ve ikincil mevzuat \u015fartlar\u0131na uygun olarak kar\u015f\u0131lanaca\u011f\u0131n\u0131 sa\u011flamak,<\/li>\n<li>Hizmetlerin sunumunu ve uygunlu\u011funu etkileyebilecek risk ve f\u0131rsatlar ile m\u00fc\u015fteri memnuniyetinin art\u0131r\u0131lmas\u0131 sa\u011flamak,<\/li>\n<li>M\u00fc\u015fteri memnuniyetinin art\u0131r\u0131lmas\u0131n\u0131 ve s\u00fcrd\u00fcr\u00fclmesini sa\u011flamak,<\/li>\n<li>\u00c7evresel s\u00fcrd\u00fcr\u00fclebilirli\u011fin sa\u011flanmas\u0131 ve iklim de\u011fi\u015fikli\u011fine y\u00f6nelik \u00e7evreye duyarl\u0131 ve sosyal sorumlulu\u011fun bilincinde \u00e7al\u0131\u015fmalar\u0131 s\u00fcrd\u00fcrmek<\/li>\n<li>Faaliyet kapsam\u0131nda kullan\u0131lacak \u00fcr\u00fcnlerin \u00e7evreye duyarl\u0131 ve d\u00f6n\u00fc\u015ft\u00fcr\u00fclen \u00fcr\u00fcnlerin kullan\u0131m\u0131na \u00f6zen g\u00f6stermek<\/li>\n<li>Toplam kaliteye en ekonomik, en h\u0131zl\u0131 ve en k\u0131sa yoldan ula\u015farak hizmet \u00fcretti\u011fimiz t\u00fcm kesimlerin g\u00fcvenini kazanmak ve bunu s\u00fcrd\u00fcrebilmek ve s\u00fcrekli iyile\u015ftirmek hepimizin en \u00f6nemli g\u00f6revidir.<\/li>\n<\/ul>\n<\/div><\/div><\/div><\/div><\/div><\/div><\/section><section class=\"l-section wpb_row height_medium\"><div class=\"l-section-h i-cf\"><div class=\"g-cols vc_row via_grid cols_1-3 laptops-cols_inherit tablets-cols_inherit mobiles-cols_1 valign_top type_default stacking_default\"><div class=\"wpb_column vc_column_container us_custom_fd45ee4b has_bg_color\"><div class=\"vc_column-inner\"><\/div><\/div><div class=\"wpb_column vc_column_container\"><div class=\"vc_column-inner\"><h6 class=\"w-text us_custom_7bef5ef6\"><span class=\"w-text-h\"><span class=\"w-text-value\">Talu \u0130n\u015faat<\/span><\/span><\/h6><h2 class=\"w-text us_custom_785e50b2\"><span class=\"w-text-h\"><span class=\"w-text-value\">\u0130\u015f Sa\u011fl\u0131\u011f\u0131 ve G\u00fcvenli\u011fi Politikas\u0131<\/span><\/span><\/h2><div class=\"wpb_text_column\"><div class=\"wpb_wrapper\"><ul>\n<li><strong>Talu \u0130n\u015faat <\/strong>olarak Altyap\u0131, \u00dcst yap\u0131, Deniz \u0130\u015fleri, Ar\u0131tma ve \u00c7evre Projeleri alanlar\u0131nda m\u00fchendislik ve m\u00fcteahhit hizmetleri faaliyetleri kapsam\u0131nda; \u00e7al\u0131\u015f\u0131lan her kurulu\u015fun \u00e7evre politikam\u0131z do\u011frultusunda faaliyet g\u00f6stermesini sa\u011flamak,<\/li>\n<li>\u00c7evre hedeflerimiz do\u011frultusunda iklim de\u011fi\u015fikli\u011finin azalt\u0131lmas\u0131, \u00e7evre kirlili\u011finin \u00f6nlenmesi, \u00e7evre bilincinin artt\u0131r\u0131lmas\u0131 ve yayg\u0131nla\u015ft\u0131r\u0131lmas\u0131 amac\u0131yla \u0130n\u015faat sekt\u00f6r\u00fcnde \u00f6nc\u00fc olmak,<\/li>\n<li>Faaliyetlerimiz s\u0131ras\u0131nda yasal mevzuatlar\u0131 takip etmek ve s\u00fcrekli iyile\u015fme prensibine g\u00f6re sistemimizi geli\u015ftirmek,<\/li>\n<li>Kirlili\u011fin \u00f6nlenmesine y\u00f6nelik yasal gerekliklerle beraber yeni teknolojileri takip etmek,<\/li>\n<li>Uygunluk y\u00fck\u00fcml\u00fcl\u00fcklerini yerine getirmek,<\/li>\n<li>Do\u011fal kaynaklara ve \u00e7evreye verilen etkinin en aza indirilmesini sa\u011flamak,<\/li>\n<li>\u00c7evreyi korumak ve kirletmemek i\u00e7in mevcut olan en ileri teknolojileri kullanmak,<\/li>\n<li>\u00c7evresel s\u00fcrd\u00fcr\u00fclebilirli\u011fin sa\u011flanmas\u0131 ve iklim de\u011fi\u015fikli\u011fine y\u00f6nelik \u00e7evreye duyarl\u0131 ve sosyal sorumlulu\u011fun bilincinde \u00e7al\u0131\u015fmalar\u0131 s\u00fcrd\u00fcrmek<\/li>\n<li>Faaliyet kapsam\u0131nda kullan\u0131lacak \u00fcr\u00fcnlerin \u00e7evreye duyarl\u0131 ve d\u00f6n\u00fc\u015ft\u00fcr\u00fclen \u00fcr\u00fcnlerin kullan\u0131m\u0131na \u00f6zen g\u00f6stermek<\/li>\n<li>S\u00fcrekli iyile\u015ftirme prensibine g\u00f6re hareket etmek.<\/li>\n<\/ul>\n<\/div><\/div><\/div><\/div><\/div><\/div><\/section>\n","protected":false},"excerpt":{"rendered":"Talu \u0130n\u015faat\u00c7evre Politikas\u0131 Talu \u0130n\u015faat olarak Altyap\u0131, \u00dcst yap\u0131, Deniz \u0130\u015fleri, Ar\u0131tma ve \u00c7evre Projeleri alanlar\u0131nda m\u00fchendislik ve m\u00fcteahhit hizmetleri faaliyetleri kapsam\u0131nda t\u00fcm \u00e7al\u0131\u015fanlar\u0131m\u0131z\u0131n kat\u0131l\u0131m ve gayreti ile payda\u015flar\u0131m\u0131z\u0131n ihtiya\u00e7 ve beklentilerini kar\u015f\u0131lamak i\u00e7in projeler ve hizmetler ger\u00e7ekle\u015ftirmek, Yurt i\u00e7i ve yurt d\u0131\u015f\u0131 pazarlar\u0131nda artt\u0131rmak i\u00e7in gerekli olan hizmet faaliyetlerini ger\u00e7ekle\u015ftirmek, \u00c7evresel fakt\u00f6rleri ve i\u015f...","protected":false},"author":1,"featured_media":0,"parent":25,"menu_order":0,"comment_status":"closed","ping_status":"closed","template":"","meta":{"_acf_changed":false,"rank_math_lock_modified_date":false,"footnotes":""},"class_list":["post-298","page","type-page","status-publish","hentry"],"acf":[],"_links":{"self":[{"href":"https:\/\/taluinsaat.com\/index.php?rest_route=\/wp\/v2\/pages\/298","targetHints":{"allow":["GET"]}}],"collection":[{"href":"https:\/\/taluinsaat.com\/index.php?rest_route=\/wp\/v2\/pages"}],"about":[{"href":"https:\/\/taluinsaat.com\/index.php?rest_route=\/wp\/v2\/types\/page"}],"author":[{"embeddable":true,"href":"https:\/\/taluinsaat.com\/index.php?rest_route=\/wp\/v2\/users\/1"}],"replies":[{"embeddable":true,"href":"https:\/\/taluinsaat.com\/index.php?rest_route=%2Fwp%2Fv2%2Fcomments&post=298"}],"version-history":[{"count":16,"href":"https:\/\/taluinsaat.com\/index.php?rest_route=\/wp\/v2\/pages\/298\/revisions"}],"predecessor-version":[{"id":1140,"href":"https:\/\/taluinsaat.com\/index.php?rest_route=\/wp\/v2\/pages\/298\/revisions\/1140"}],"up":[{"embeddable":true,"href":"https:\/\/taluinsaat.com\/index.php?rest_route=\/wp\/v2\/pages\/25"}],"wp:attachment":[{"href":"https:\/\/taluinsaat.com\/index.php?rest_route=%2Fwp%2Fv2%2Fmedia&parent=298"}],"curies":[{"name":"wp","href":"https:\/\/api.w.org\/{rel}","templated":true}]}}